hat is h(8)?
116
Let y(n) = -425*n + 88406. Calculate y(208).
6
Let h(c) = 4*c**2 - 62*c + 236. Determine h(9).
2
Let j(k) = -4*k**2 + 2*k + 13. Calculate j(4).
-43
Let p(b) = b**3 - 124*b**2 + 45*b + 9597. Give p(123).
3
Let i(v) = 530*v - 13241. Calculate i(25).
9
Let y(i) = -2*i**3 - 245*i**2 - 124*i - 243. Determine y(-122).
1
Let s(c) = -4*c**3 + 96*c**2 + 197*c + 1. Give s(-2).
23
Let k(t) = -13*t**3 + 3*t**2 + 2*t. Calculate k(-1).
14
Let i(y) = -174*y + 864. What is i(8)?
-528
Let o(h) = h**3 - 96*h**2 + 1521*h - 22. Determine o(20).
-2
Let f(u) = 8*u**2 - 10*u - 8. What is f(3)?
34
Let k(q) = -q**3 - 7*q**2 - 4*q + 20. What is k(-7)?
48
Let m(g) = -3*g**3 - 79*g**2 + 172*g - 37. Determine m(2).
-33
Let f(j) = -2*j**2 + 31*j + 59. What is f(16)?
43
Let r(n) = 168*n + 8. What is r(0)?
8
Let i(c) = -c**3 + 73*c**2 - 83*c + 800. Give i(72).
8
Let u(a) = a**3 - 12*a**2 - 253*a + 22. Determine u(23).
22
Let x(n) = n**3 - 14*n**2 - 29*n + 60. What is x(17)?
434
Let n(f) = f**3 - 72*f**2 + 718*f + 20. Give n(12).
-4
Let g(w) = 3*w + 94. Determine g(-5).
79
Let q(o) = 18*o**3 - 4*o**2 + 4*o + 7. Determine q(-1).
-19
Let b(l) = 8*l**2 + 196*l + 99. Determine b(-24).
3
Let c(k) = -k**3 + 34*k**2 - 228*k + 54. What is c(25)?
-21
Let w(r) = 31*r**2 + 1270*r - 9. Give w(-41).
32
Let q(w) = -w**2 + 80*w - 157. Determine q(78).
-1
Let g(t) = t**3 + 39*t**2 - 83*t - 76. What is g(-41)?
-35
Let m(k) = 2*k**3 + 20*k**2 - 85*k - 704. Determine m(-11).
-11
Let w(f) = -f**3 - 6*f**2 + f + 5. Give w(-5).
-25
Let m(b) = 9*b - 649. What is m(42)?
-271
Let d(c) = c**2 - 31*c - 1555. What is d(58)?
11
Let t(r) = -7*r + 107. What is t(14)?
9
Let f(x) = -432*x - 2586. What is f(-6)?
6
Let c(g) = -g**3 + 46*g**2 - 274*g + 85. Determine c(39).
46
Let h(v) = -3*v**2 + 48*v - 125. Calculate h(13).
-8
Let k(a) = a**3 + 16*a**2 + 63*a + 104. What is k(-11)?
16
Let o(z) = -91*z + 338. Determine o(4).
-26
Let q(c) = -c**2 + 912*c - 27317. Give q(31).
-6
Let x(z) = -z**2 - 6*z + 106. Determine x(7).
15
Let w(n) = 4*n**2 - 769*n - 2148. Determine w(195).
-3
Let r(q) = 7*q**3 + 3*q**2 + 5*q + 6. What is r(3)?
237
Let s(x) = 151*x - 2259. What is s(15)?
6
Let q(u) = 203*u + 1899. Calculate q(-10).
-131
Let k(p) = p**2 + 62*p - 773. Give k(-72).
-53
Let i(q) = -27*q**2 - 1139*q - 2359. Determine i(-40).
1
Let i(t) = -t**2 - 57*t - 898. Give i(-24).
-106
Let j(z) = -37*z - 253. Determine j(-15).
302
Let z(a) = 2*a**3 - 16*a**2 + 9*a - 39. Determine z(8).
33
Let g(m) = -3*m**2 + 55*m + 358. Give g(-5).
8
Let p(z) = 16*z**2 - 565*z + 45. What is p(35)?
-130
Let o(q) = 2*q**3 + 22*q**2 - 22*q + 50. Calculate o(-12).
26
Let d(r) = -r**3 - 31*r**2 - 35*r - 20. Give d(-30).
130
Let g(b) = -10*b**3 - 10*b**2 - 7*b - 32. What is g(-3)?
169
Let m(v) = 8*v**2 - 45*v + 239. What is m(5)?
214
Let d(o) = o**3 + 9*o**2 + 20*o + 42. What is d(-7)?
0
Let o(n) = -167*n + 5343. Determine o(32).
-1
Let c(f) = f**2 - 20*f - 304. Give c(-10).
-4
Let b(r) = -10*r - 50. Give b(-6).
10
Let x(v) = -27*v + 697. Determine x(33).
-194
Let z(d) = 18*d - 494. Determine z(38).
190
Let v(i) = 14*i**2 - 8*i - 63. Calculate v(-5).
327
Let h(w) = -2*w**3 - 13*w**2 - 26*w + 1. What is h(-3)?
16
Let r(o) = o**3 - 7*o**2 - 9*o + 52. Determine r(8).
44
Let o(k) = -k**3 - 17*k**2 + 42*k + 94. Give o(-19).
18
Let q(d) = -740*d - 30348. What is q(-41)?
-8
Let k(a) = -3*a**3 + 7*a**2 - 8*a - 1. Give k(3).
-43
Let p(z) = -137*z - 1087. Determine p(-8).
9
Let c(g) = -334*g**2 - 661*g + 9. Determine c(-2).
-5
Let s(a) = 3*a**3 - 32*a**2 - 19*a + 170. Calculate s(11).
82
Let p(u) = 20*u**2 + 322*u + 58. Calculate p(-16).
26
Let l(t) = 46*t - 99. Calculate l(4).
85
Let y(o) = -o**3 + 6*o**2 + 21*o + 15. Determine y(7).
113
Let f(u) = -2*u**2 + 4*u + 55. Give f(8).
-41
Let p(m) = 77*m - 534. What is p(7)?
5
Let r(x) = -2*x**3 - 33*x**2 - 33*x + 193. Determine r(-15).
13
Let l(q) = -14*q**3 + 5*q**2 - 23*q + 24. Calculate l(1).
-8
Let m(j) = -21*j**2 + 183*j + 529. Give m(-3).
-209
Let u(d) = d**3 + 377*d**2 + 2592*d + 13. Give u(-7).
-1
Let p(a) = 162*a + 144. What is p(-1)?
-18
Let x(g) = 4*g**3 - 385*g**2 - 686*g - 15. Give x(98).
-15
Let h(q) = q**3 + 7*q**2 + 7*q - 38. Calculate h(-6).
-44
Let r(m) = m**3 + 9*m**2 - 31*m - 16. Give r(-12).
-76
Let m(j) = -23*j - 71. Calculate m(-7).
90
Let f(n) = -10*n**3 - 11*n**2 + 2*n + 17. Determine f(-2).
49
Let r(l) = 9*l**2 - 20*l - 47. Give r(-3).
94
Let j(i) = i**2 - i - 66. Determine j(-10).
44
Let t(n) = -n**3 - n**2 - 5*n + 52. Calculate t(0).
52
Let o(j) = -j**2 - 16*j - 51. Determine o(-5).
4
Let q(h) = -h**3 - 25*h**2 - 168*h - 166. Determine q(-13).
-10
Let r(v) = 13*v - 237. Give r(0).
-237
Let v(n) = -n**3 + 3*n**2 + 20*n - 61. Give v(6).
-49
Let m(z) = -118*z - 2697. Give m(-23).
17
Let f(l) = -19*l**2 + 834*l + 91. Calculate f(44).
3
Let f(t) = -t**3 - 4*t**2 - 10*t + 29. Determine f(3).
-64
Let b(h) = -6*h**2 + 26*h - 127. What is b(7)?
-239
Let o(q) = -2*q**3 - 146*q**2 - 7*q - 429. What is o(-73)?
82
Let f(h) = -h**2 + 31*h + 257. Determine f(37).
35
Let i(z) = -3*z**2 - 83*z - 9. Determine i(-25).
191
Let o(f) = 68*f - 423. Determine o(9).
189
Let n(m) = 15*m - 49. What is n(3)?
-4
Let c(b) = 2*b**3 + 9*b**2 + 130*b + 610. What is c(-5)?
-65
Let m(u) = -u**3 + 17*u**2 - 216*u + 2433. Determine m(14).
-3
Let r(k) = k**2 + 64*k - 5875. Give r(51).
-10
Let s(p) = p**3 + 9*p**2 + 23*p + 79. Give s(-8).
-41
Let o(j) = -964*j + 7108. Determine o(7).
360
Let k(q) = 2*q**2 + 32*q + 43. Determine k(-15).
13
Let l(q) = -q**3 - 13*q**2 - 39*q + 7. Determine l(-6).
-11
Let u(j) = 70*j + 1147. Determine u(-16).
27
Let m(u) = u**2 - 20*u - 1000. Give m(-28).
344
Let s(u) = 3440*u - 20641. What is s(6)?
-1
Let t(k) = 3659*k - 36601. Give t(10).
-11
Let w(r) = 223*r + 7. Give w(-1).
-216
Let r(p) = -4*p**3 + p**2 - 5*p + 4. Determine r(1).
-4
Let i(q) = q**3 + 6*q**2 + 285*q + 1414. Give i(-5).
14
Let n(w) = -w**2 - 33*w - 253. Determine n(-11).
-11
Let z(l) = 5*l - 81. Determine z(5).
-56
Let k(c) = 3*c**3 - 7*c**2 - 3. Calculate k(3).
15
Let v(o) = o**3 + 18*o**2 - 200*o - 33. Determine v(-26).
-241
Let p(j) = 109*j**2 + 543*j - 17. Calculate p(-5).
-7
Let p(b) = -63*b + 4. Determine p(-1).
67
Let u(v) = -v**2 - 71*v - 597. Determine u(-9).
-39
Let g(l) = l**2 - 17*l - 186. What is g(-6)?
-48
Let p(k) = 5*k + 226. Calculate p(0).
226
Let a(c) = c**2 - 5*c - 554. Calculate a(25).
-54
Let h(v) = -196*v + 620. Determine h(4).
-164
Let x(y) = -32*y + 984. Determine x(8).
728
Let c(y) = 2*y**2 + 53*y - 218. Calculate c(-28).
-134
Let f(o) = -2*o**3 + 290*o**2 - 3*o + 430. Determine f(145).
-5
Let q(f) = -2*f**3 + 267*f**2 + 685*f - 676. Calculate q(136).
4
Let d(w) = -6*w**2 + 400*w + 238. What is d(68)?
-306
Let o(d) = 3205*d + 86536. What is o(-27)?
1
Let k(u) = 226*u + 6. Calculate k(-1).
-220
Let d(a) = -7*a**2 - 337*a + 1063. Give d(3).
-11
Let d(k) = 2*k**3 - 52*k**2 - 59*k + 141. Determine d(27).
6
Let d(s) = s**3 + 12*s**2 + 12*s - 8. Calculate d(-7).
153
Let i(y) = -247*y**2 - 8*y + 7. Calculate i(1).
-248
Let z(v) = 899*v + 133043. What is z(-148)?
-9
Let t(d) = -d**2 + d + 151. Calculate t(-12).
-5
Let h(u) = u**3 + 4*u**2 + 4*u + 45. What is h(-7)?
-130
Let d(q) = -q**3 + 5*q - 3. What is d(-2)?
-5
Let h(a) = 35*a + 410. Determine h(-11).
25
Let i(m) = -m**3 + 11*m**2 + 23*m - 42. Determine i(5).
223
Let u(h) = -h**3 + 15*h**2 - 47*h - 71. Calculate u(9).
-8
Let i(k) = 127*k**3 + k**2 + k. What is i(-1)?
-127
Let c(r) = r**3 + 39*r**2 - 17*r + 942. What is c(-40)?
22
Let r(u) = 9*u**3 + u**2 - 12*u + 13. Calculate r(1).
11
Let z(m) = 17*m**2 - 146*m + 82. Calculate z(8).
2
Let j(l) = 4*l**2 - 67*l + 56. Calculate j(16).
8
Let s(d) = d**3 - 17*d**2 + 10*d + 34. What is s(16)?
-62
Let n(k) = -563*k + 3370. Calculate n(6).
-8
Let x(d) = -2*d**3 - 5*d**2 + 13*d - 4. Determine x(3).
-64
Let i(j) = 2*j**3 + 127*j**2 + 62*j + 95. Determine i(-63).
158
Let v(c) = 2*c**3 - 296*c**2 + 3013*c - 6. Calculate v(11).
-17
Let l(u) = -u**3 + 34*u**2 + 78*u + 228. Calculate l(36).
444
Let y(d) = -114*d + 1703. Calculate y(15).
-7
Let g(h) = -2*h**2 + 38*h + 1724. Determine g(40).
44
Let a(m) = -105*m + 1785. What is a(17)?
0
Let w(k) = k**3 + 42*k**2 + 41*k - 1. Give w(-41).
-1
Let 